= 0. What is the remainder when 13 is divided by p(g)?
6
Let z(w) = -2*w - 3. Let h be z(-13). Suppose 0 = -2*u - h + 121. Calculate the remainder when u is divided by 26.
23
Suppose -24 - 2 = -f. What is the remainder when f is divided by 7?
5
Let k(r) = -r**2 + 11*r + 6. Let i be k(11). What is the remainder when i/(-10) - 477/(-45) is divided by 4?
2
Suppose -434 + 126 = -2*v + 2*r, -3*v - 2*r = -452. What is the remainder when v is divided by 31?
28
Let s(n) = -43*n - 5. Calculate the remainder when s(-2) is divided by 21.
18
Suppose 3*q - 7*q = -2*o - 70, -3*q = 5*o - 33. Suppose -2*c + 7 + 23 = -4*i, 0 = 3*c + 15. Let x = q + i. Calculate the remainder when x is divided by 4.
2
Let k = -1 + 1. Suppose k = -5*m - 2*w + 50, 2*w + 30 = -0*m + 5*m. Calculate the remainder when ((-11)/(-3))/(8/48) is divided by m.
6
What is the remainder when 41 is divided by 3*(8 - 2) - 4?
13
Let j(i) = 12*i - 1. Calculate the remainder when 43 is divided by j(1).
10
Suppose u + 3*u - 22 = -o, 0 = -4*o + 2*u + 70. What is the remainder when 33 is divided by o?
15
Suppose 4*a = 57 - 9. What is the remainder when (-9)/(-6)*22/1 is divided by a?
9
Let y = 2 - 4. What is the remainder when (-14)/y*(5 + -2) is divided by 6?
3
Suppose -4*m + m = -v + 46, 0 = -2*v + 5*m + 93. Calculate the remainder when v is divided by 26.
23
What is the remainder when -2 + 1 - -4 - -56 is divided by 32?
27
What is the remainder when 52 is divided by -2 + (-4)/((-16)/116)?
25
What is the remainder when (-880)/(-9) - (-24)/108 is divided by 25?
23
Let w = -12 - -20. Suppose x - 9 = -3*b, -3*b - b = x - 7. Suppose x = k + 2*k. Calculate the remainder when w is divided by k.
3
Let n be (-1)/2*0 + 9. Suppose -39*p = -34*p + 10. What is the remainder when n/p*(-10)/15 is divided by 2?
1
Suppose 0 - 2 = j. Let s = j + 8. Suppose 2*z - w - 2*w - 17 = 0, 3*z = -2*w + 32. What is the remainder when z is divided by s?
4
What is the remainder when -1*3*(-9)/((-9)/(-10)) is divided by 18?
12
Suppose -8*y - 17 + 65 = 0. Calculate the remainder when 15 is divided by y.
3
Suppose 7 = 5*i - 83. Let o be (-54 + -1)/((-2)/(-2)). Let g = -2 - o. Calculate the remainder when g is divided by i.
17
Let n be 266/8 + 2/(-8). Suppose -3*c = -21 - n. What is the remainder when c is divided by 7?
4
Let v(u) = u**3 - 7*u**2 - 7*u + 4. Calculate the remainder when 34 is divided by v(8).
10
Let y(n) = -3*n**2 + 23*n - 5. Calculate the remainder when 155 is divided by y(4).
38
Let q(x) = -31*x + 4. Let u(d) = -10*d + 1. Let a = -7 + 9. Let y(t) = a*q(t) - 7*u(t). Calculate the remainder when y(2) is divided by 9.
8
Suppose -7*q = -3*q - 56. What is the remainder when 48 is divided by 7/q + 66/4?
14
Let z = -102 - -155. Calculate the remainder when z is divided by 19.
15
Suppose 3*f + 24 = -5*n, -4*n - 2*f - 11 = 9. What is the remainder when ((-86)/(-4))/(2/4) is divided by (-1)/n - 393/(-18)?
21
Suppose -5*f + 288 = 4*f. Calculate the remainder when f is divided by 11.
10
Suppose 0 = 4*i + 3*r + 27, 0 = -0*i + 2*i - 3*r + 9. What is the remainder when 28 is divided by ((-15)/2)/(3/i)?
13
Suppose -4*i + 432 = 2*i. What is the remainder when i is divided by 23?
3
Let p(d) = d**2 - 4*d - 15. What is the remainder when p(-7) is divided by 16?
14
Suppose -26 + 84 = 2*z. What is the remainder when (-1)/(-2) + -2 + 115/2 is divided by z?
27
Suppose -3*m = -p - 17, 3*p + 13 = 5*m - 22. Calculate the remainder when 18 is divided by m.
2
Let q = 3 + -5. Let c(g) = g**2 + g - 1. Let s be c(q). Calculate the remainder when s/3*1*93 is divided by 11.
9
Let v(n) = n**3 + 6*n**2 - 9*n - 24. Let j(x) = x**3 - 3*x**2 + 3*x + 2. What is the remainder when v(-6) is divided by j(3)?
8
Suppose -7*d + d = -30. Calculate the remainder when 9 is divided by d.
4
Suppose 0*k = 2*k - 54. Suppose k = 6*q - 2*q - c, 2*q + c = 21. Suppose 44 - q = 3*x. What is the remainder when 22 is divided by x?
10
Let n(t) = t**2 - 2. Let b be n(-4). Suppose 4*d = -2*c + b, 3*c + 8 - 26 = -3*d. What is the remainder when 2 is divided by d?
0
Let x be 6/(-8)*(-120)/5. Let p be 6/27 + 158/x. Suppose 3*s + 35 = 5*z - s, p = -z + 4*s. What is the remainder when 21 is divided by z?
10
Let i = 103 - 80. What is the remainder when 87 is divided by i?
18
What is the remainder when 22/3 + (-28)/12 + 3 is divided by 6?
2
Let b(i) = -2*i - 4. Let a be b(-3). Let y = a - -16. Let l(j) = j**2 + 3*j - 2. What is the remainder when l(6) is divided by y?
16
Let a(v) = 3*v**2 + 7*v + 5. Let z be a(-7). Let j = -54 + z. Calculate the remainder when j is divided by 13.
10
Let f = 51 - 36. Let t(r) = 8*r**2 - r - 1. What is the remainder when f is divided by t(-1)?
7
Let k(d) = d**3 + 5*d**2 + 6. Let t(w) = w - 3. Let b be t(-2). Calculate the remainder when 23 is divided by k(b).
5
Let l = -5 - -7. Suppose 4*k + x - 21 = 0, -3*x = -l*k + 2*x - 17. Calculate the remainder when k is divided by 2.
0
Let r = -9 + 24. Let b = 6 - 3. Suppose 0 = 2*c - d - 92, 0 = -b*c + 7*c - 4*d - 192. What is the remainder when c is divided by r?
14
Suppose 0 = -k + 5*l + 41, 4*l - 5 + 1 = 0. Let g = -1 + 3. What is the remainder when k is divided by g/((-3)/(-3*8))?
14
Let s be (-4 + (-2 - 1))*-1. Suppose 5*k + s - 72 = 0. What is the remainder when k is divided by 5?
3
Let t be (-2 + 5)*2/3. Let a = 18 + t. Suppose -b = 2*b - 114. Calculate the remainder when b is divided by a.
18
Let c(j) = -j**2 + 19*j - 1. What is the remainder when 116 is divided by c(18)?
14
Let x = -27 + 38. Let i(r) = r**3 - 3*r**2 - 5*r + 3. Let c be i(4). Calculate the remainder when 190/6 - c/3 is divided by x.
10
Let q = 6 + -19. Let k = q - -25. What is the remainder when 35 is divided by k?
11
Let o = 40 + -29. Let s = -37 + -7. Let k = s + 64. What is the remainder when k is divided by o?
9
Let v(d) = -d**3 - 10*d**2 + 15*d - 8. Let i be v(-12). Suppose 4*w - 56 - i = 0. What is the remainder when w is divided by 10?
9
Let f(r) be the second derivative of r**5/20 - r**4/3 - r**3/6 - 7*r**2/2 - 4*r. Calculate the remainder when f(5) is divided by 8.
5
Let p(a) = -1. Let n(y) = -y**3 + 5*y**2 + 8*y - 11. Let z(c) = -n(c) - 2*p(c). Calculate the remainder when 2 is divided by z(6).
0
Let w(y) = y**2 + y - 5. Let d = -2 - -32. Suppose 6 = -2*j + d. What is the remainder when j is divided by w(-4)?
5
Let d(n) = -n**3 + 2*n**2 + 4*n + 3. Let x be d(-3). What is the remainder when (-4)/18 - (-332)/x is divided by 5?
4
Let t(u) = u**2 - 2*u - 3. Suppose -5*l = -l + 24. Let g = l + 2. What is the remainder when t(g) is divided by 11?
10
Let k(r) be the third derivative of r**6/120 + 7*r**5/60 + r**4/4 - r**3 + r**2. Let y = -6 + 14. What is the remainder when k(-5) is divided by y?
6
Suppose 0 = -6*u + 2*u + 48. Suppose 56 = 2*a - 2*q - 0*q, -a + u = 3*q. Calculate the remainder when a is divided by 13.
11
Let f(b) = -4*b**3 - 3*b**2 - b - 2. Suppose 5 = 5*u + 15. What is the remainder when 76 is divided by f(u)?
16
Suppose -4*q - 9 = -145. Suppose -m = 2*i - 16, 3*i + 4*m - q = -2*i. Calculate the remainder when 28 is divided by i.
8
Suppose 57 + 0 = 3*b. Suppose -3 = -5*n + 12. Suppose -n*i + 50 = 2*i. Calculate the remainder when b is divided by i.
9
Suppose 3*h = 3 + 111. Let w = h + -22. Suppose l = 4 + 5. What is the remainder when w is divided by l?
7
Suppose -2*x + 225 = 3*x. Let y = x + -25. Let i(k) = k**3 + 8*k**2 - 3*k - 17. What is the remainder when i(-4) is divided by y?
19
Calculate the remainder when 27 is divided by 195/25 - 5/(-25).
3
Suppose -2*o + 6*o = 144. What is the remainder when o is divided by 22 + ((-3)/(-1))/(-1)?
17
Suppose 4*v - 21 = 5*l, v + 0*v + 4*l = 0. Let d = 8 - v. What is the remainder when (-4)/8 - (-66)/d is divided by 6?
4
Suppose 2*k - 4 = 4*k, 5*h - 31 = -2*k. Let w(u) = 4*u. What is the remainder when w(h) is divided by 15?
13
Let a = 31 - 26. Calculate the remainder when 12 is divided by a.
2
Suppose -2*a + 41 = 5*s - a, 2*s = -5*a + 21. Suppose -3*h = 5*t - s*h - 275, 4*t + 5*h - 247 = 0. Calculate the remainder when t is divided by 30.
28
Let v = -61 - 28. Let l = -63 - v. Calculate the remainder when l is divided by 9.
8
Let z = -66 - -68. Suppose -4*j + 25 = 5*g, 11 = -4*g + 3*j - 0*j. What is the remainder when z is divided by g?
0
Suppose -s = -0*s - 772. Suppo